{"id":15,"date":"2021-01-23T11:21:55","date_gmt":"2021-01-23T01:21:55","guid":{"rendered":"https:\/\/media-loop.com\/Hun-Loops\/about-2\/"},"modified":"2023-02-06T11:27:31","modified_gmt":"2023-02-06T01:27:31","slug":"about-2","status":"publish","type":"page","link":"https:\/\/media-loop.com\/Hun-Loops\/?page_id=15","title":{"rendered":"About"},"content":{"rendered":"\r\n<p>&nbsp;<\/p>\r\n\r\n\r\n\r\n<h1 style=\"text-align: center;\"><strong><span style=\"color: #ff0000;\">About us<\/span><\/strong><\/h1>\r\n\r\n\r\n\r\n\r\n\r\n\r\n\r\n\r\n\r\n\r\n\r\n\r\n\r\n<p style=\"text-align: center;\"><span style=\"color: #ff0000;\"><strong>finding your way QUICKLY<\/strong><\/span><\/p>\r\n\r\n\r\n\r\n\r\n\r\n<p style=\"font-family: Arial; font-weight: 500; font-size: 14px; line-height: 1.8; text-align: left; color: #5d5d5d;\">1., In the drop-down list of CATEGORIES on ALL PAGES you can browse and find the topic of your interest.<\/p>\r\n<p style=\"font-family: Arial; font-weight: 500; font-size: 14px; line-height: 1.8; text-align: left; color: #5d5d5d;\">2., Also, do not forget the page links of the SIDEBARS, where you might find some interesting brain tickling issues.<\/p>\r\n<p style=\"font-family: Arial; font-weight: 500; font-size: 14px; line-height: 1.8; text-align: left; color: #5d5d5d;\">\u00a0<\/p>\r\n\r\n\r\n\r\n\r\n\r\n\r\n\r\n\r\n\r\n\r\n\r\n\r\n\r\n<p style=\"text-align: center;\"><span style=\"color: #99cc00;\"><strong>ABOUT ME<\/strong><\/span><\/p>\r\n\r\n\r\n\r\n\r\n\r\n<p style=\"font-family: Arial; font-weight: 500; font-size: 14px; line-height: 1.8; text-align: center; color: #5d5d5d;\">Ferenc is the Owner-Editor of this website.<\/p>\r\n<p style=\"font-family: Arial; font-weight: 500; font-size: 14px; line-height: 1.8; text-align: center; color: #5d5d5d;\">\u00a0From a very early age the mysteries of languages overboiled in my sole and intrigued my curiosity.<\/p>\r\n<p style=\"font-family: Arial; font-weight: 500; font-size: 14px; line-height: 1.8; text-align: center; color: #5d5d5d;\">Starting with Russian, which used to be a compulsory language at schools then, mostly unwillingly but by virtue of my musical spirit, somehow I produced excellent oral-aural Russian\u00a0 for the exams.<\/p>\r\n<p style=\"font-family: Arial; font-weight: 500; font-size: 14px; line-height: 1.8; text-align: center; color: #5d5d5d;\">I followed with the most exotic Japanese language and culture.<\/p>\r\n<p style=\"font-family: Arial; font-weight: 500; font-size: 14px; line-height: 1.8; text-align: center; color: #5d5d5d;\">In the end, after my turbulent years at the Kossuth L. University in Debrecen Hungary, where actually I took off on my French orbit, I landed in France whose Universities; Dijon\u00a0 University, Oriental Languages School Paris, then Sorbonne Paris, I could still feel that I was missing out on something more elaborate and more accepted universally, so\u00a0 I drifted towards English and settled finally in Australia.<\/p>\r\n<p style=\"font-family: Arial; font-weight: 500; font-size: 14px; line-height: 1.8; text-align: center; color: #5d5d5d;\">\u00a0Curiously enough German as a language or culture, perhaps for some subconscious reasons never appealed to me.<\/p>\r\n\r\n\r\n\r\n\r\n\r\n\r\n\r\n<p style=\"text-align: center;\"><span style=\"color: #0000ff;\"><strong>FINALLY, Find the HOLY GRAIL in my Hungarian LANGUAGE<\/strong><\/span><\/p>\r\n\r\n\r\n\r\n<p style=\"font-family: Arial; font-weight: 500; font-size: 14px; line-height: 2; text-align: left; color: #5d5d5d;\">Thanks to my drifting across the Globe, I realized that French, English and Russian remained distant in spirit and their semantic construction paradigms and constantly my Hungarian kept galloping back in my comprehension attempts of these other languages, sort of nagging me in my new language discoveries, that I needed to find solice in my maternal Hungarian.<\/p>\r\n<p style=\"font-family: Arial; font-weight: 500; font-size: 14px; line-height: 2; text-align: left; color: #5d5d5d;\">Ever since that decision, my Hungarian constantly kept lennding me solid support in better understanding\/penetrating French and English. Not only that but in the process I rediscovered and further deepend my comprehension of the Hungarian language. So I keep saying that\u00a0 LANGUAGE IS THE MOTHER OF CULTURE, especially if you have an inquisitive mind to dwell on the spirit (semantics) of it, and yes, that I certainly have, as you will find it out for yourself, <strong><span style=\"color: #ff0000;\">if you have the courage and determination to unearth the holy grail of this mystery-charged, encoded language of mine, called MAGYAR.<\/span><\/strong><\/p>\r\n\r\n\r\n\r\n<p style=\"font-family: Arial; font-size: 14px; line-height: 2; text-align: left; color: #5d5d5d;\"><span style=\"font-weight: 500;\">By the way only foreigners call us HUNGARIAN. We call ourselves <\/span><strong>MAGYAR<\/strong><span style=\"font-weight: 500;\">. This word is made up of two stemwords (gy\u00f6k\u00e9rsz\u00f3) <\/span><strong>MAG_YAR<\/strong><span style=\"font-weight: 500;\">. Its\u00a0 <\/span><strong>E<\/strong> vowel based version is <strong>MEG-YER.\u00a0\u00a0<\/strong><\/p>\r\n<p style=\"font-family: Arial; font-size: 14px; line-height: 2; text-align: left; color: #5d5d5d;\">Please learn it now that in Hungarian and related languages, it is the CONSONANT which appears to carry mostly the core meaning of the words, though VOWEL swatch or length variation will also produce drastically different meanings:<\/p>\r\n<p style=\"font-family: Arial; font-size: 14px; line-height: 2; text-align: left; color: #5d5d5d;\">SWATCH: kar\/k\u00e1r\/k\u00e9r\/kor\/k\u00f3r\/k\u00f6r\/kur<\/p>\r\n<p style=\"font-family: Arial; font-size: 14px; line-height: 2; text-align: left; color: #5d5d5d;\">LENGTH: a\/\u00e1, e\/\u00e9, o\/\u00f3, i\/i, \u00f6\/\u0151, \u00fc\/\u0171<\/p>\r\n<p style=\"font-family: Arial; font-size: 14px; line-height: 2; text-align: left; color: #5d5d5d;\">\u00a0<strong>MAGYAR:<\/strong><\/p>\r\n<p style=\"font-family: Arial; font-size: 14px; line-height: 2; text-align: left; color: #5d5d5d;\"><strong>MAG <\/strong>meaning the <em>SEED<\/em>, the <em>CORE<\/em>, the <em>KERNEL<\/em>, the <em>ALPHA<\/em>, the <em>ORIGINAL<\/em>, whilst <strong>YAR <\/strong>in the Turkic languages means <em>HUMAN BEING (by contrast to MAN and WOMAN), a genderless concept just like PERSON in English, <\/em>just like in another GENDERneutral Hungarian word <strong>EM-BER.<\/strong> <span style=\"background-color: transparent;\"><strong>EM<\/strong> meaning FEMALE, <strong>BER<\/strong>(YER) meaning MALE\/PERSON. So put together <strong>EMBER<\/strong> simply means a <strong>PERSON<\/strong>.<\/span><\/p>\r\n<p><span style=\"font-size: 16px;\">MAG-YAR means something like the FIRST HUMAN or ALPHA-MAN\u00a0 or\u00a0\u00a0SEED-MAN. This may sound horribly chauvinistic or even racist by current trends, however the WORD purely linguistically can only be translated as such. So let&#8217;s just stay in the domain of linguistics for the time being and discard for the moment your politicking urges.Yes, in spite of any negative labels, connotations and conspiracy theories I will often use MAGYAR instead of Hungarian because I and my ancestors\/ascendants called themselves either Sumerian, Etruscan, Hun, Avar, Magyar etc. throughout the endless times.\u00a0<\/span><\/p>\r\n<p>&nbsp;<\/p>\r\n<p><span style=\"font-size: 16px;\">If you are a free-will person, the decision to respect the MAGYAR is entirely in your realm.<\/span><\/p>\r\n\r\n\r\n\r\n<p style=\"text-align: center; font-family: Arial; font-size: 14px; line-height: 2;\"><strong><span style=\"font-size: 21px; color: #f79646;\">&#8220;Language is the Birthing Mother of Culture&#8221;<\/span><\/strong><\/p>\r\n\r\n\r\n\r\n\r\n\r\n\r\n\r\n<p style=\"text-align: center;\"><strong>So Magyar is the living archive of a continium of cultures, past and present.<\/strong><\/p>\r\n\r\n<p>&nbsp;<\/p>","protected":false},"excerpt":{"rendered":"<p>&nbsp;<\/p>\n","protected":false},"author":1,"featured_media":0,"parent":0,"menu_order":0,"comment_status":"closed","ping_status":"closed","template":"","meta":{"pagelayer_contact_templates":[],"_pagelayer_content":"","footnotes":""},"class_list":["post-15","page","type-page","status-publish","hentry"],"_links":{"self":[{"href":"https:\/\/media-loop.com\/Hun-Loops\/index.php?rest_route=\/wp\/v2\/pages\/15","targetHints":{"allow":["GET"]}}],"collection":[{"href":"https:\/\/media-loop.com\/Hun-Loops\/index.php?rest_route=\/wp\/v2\/pages"}],"about":[{"href":"https:\/\/media-loop.com\/Hun-Loops\/index.php?rest_route=\/wp\/v2\/types\/page"}],"author":[{"embeddable":true,"href":"https:\/\/media-loop.com\/Hun-Loops\/index.php?rest_route=\/wp\/v2\/users\/1"}],"replies":[{"embeddable":true,"href":"https:\/\/media-loop.com\/Hun-Loops\/index.php?rest_route=%2Fwp%2Fv2%2Fcomments&post=15"}],"version-history":[{"count":15,"href":"https:\/\/media-loop.com\/Hun-Loops\/index.php?rest_route=\/wp\/v2\/pages\/15\/revisions"}],"predecessor-version":[{"id":915,"href":"https:\/\/media-loop.com\/Hun-Loops\/index.php?rest_route=\/wp\/v2\/pages\/15\/revisions\/915"}],"wp:attachment":[{"href":"https:\/\/media-loop.com\/Hun-Loops\/index.php?rest_route=%2Fwp%2Fv2%2Fmedia&parent=15"}],"curies":[{"name":"wp","href":"https:\/\/api.w.org\/{rel}","templated":true}]}}